 328 - 316. What is the remainder when 26 is divided by n?
2
Let l(r) = -164*r - 6. Let i(z) = 33*z + 1. Let p(q) = 11*i(q) + 2*l(q). Let k be p(2). Suppose -k = -4*j - 17. What is the remainder when 25 is divided by j?
12
Suppose 2*x - 9 + 1 = -l, -2*l = -3*x - 30. Calculate the remainder when 82 is divided by l.
10
Let i(u) = 3*u**2 - 8*u + 5. Let s = 58 - 55. What is the remainder when ((-4)/(-8))/((-1)/(-74)) is divided by i(s)?
5
Suppose -5*u = -2*k - 45, 4*u - 23 = -46*k + 45*k. What is the remainder when u is divided by 5?
2
Suppose -3*m + 5 + 31 = 5*t, -5*t - 24 = -2*m. Let a be (-42)/(2 - m/4). Let l = 36 + a. What is the remainder when l is divided by 27?
24
Let f = 30 + -9. Let j = f + -14. Calculate the remainder when 11 is divided by j.
4
Let j(x) = 4*x**2 + 8*x + 20. Calculate the remainder when 125 is divided by j(-3).
29
Let d = -53 - -101. Let s = d - 24. What is the remainder when s is divided by 15?
9
Suppose -4 = -2*l - 5*s, 6*l = 3*l - 2*s + 17. What is the remainder when 26 is divided by l?
5
Suppose 2*p - 6 = -d, 3*p = -0*p - 3*d + 6. Suppose 197 - 16 = 4*t - 5*u, p*u = -4*t + 172. What is the remainder when t is divided by 18?
8
Suppose -12*v - 415 = -17*v. What is the remainder when v is divided by 23?
14
Let t = -210 + 312. Let o be 14*(-5 + 0 - (-161)/14). Suppose 0 = 4*g - o + 7. What is the remainder when t is divided by g?
18
Let f(v) = v**3 - 12*v**2 - 13*v + 2. Let o be f(13). Let b(q) = 8 + o - q + 22. Calculate the remainder when b(0) is divided by 17.
15
Let a(z) = z + 9. Calculate the remainder when a(-4) is divided by (-10)/55 + (-48)/(-22).
1
Suppose 2*t - 26 = -3*d - 2*t, 0 = d - 2*t + 8. Suppose 6*r = d*r - a + 71, 4*r - 3*a - 75 = 0. Calculate the remainder when 67 is divided by r.
13
Suppose -25 = 5*q - 0*q, -3*q = h - 11. Suppose -5*f - 2*a + 44 = 0, 2*a + 45 = 3*f - 3*a. What is the remainder when h is divided by f?
6
What is the remainder when 224 is divided by (-1 - (-74)/2) + -11?
24
Let j(x) = -10*x - 201. Calculate the remainder when 174 is divided by j(-24).
18
Let v(z) = 6*z + 1. Let q be v(-4). Let u = 31 + q. What is the remainder when u is divided by ((-12)/(-8))/((-2)/(-4))?
2
Suppose 7*y = -6*y + 1326. What is the remainder when y is divided by 29?
15
What is the remainder when 87 is divided by (5/(20/(-4)))/(1/(-25))?
12
Let g = -6 - 1. Let h = -16 - g. Calculate the remainder when 39 is divided by 18/h + (1 - -11).
9
Let l = 17 - 4. Suppose -7*p + 2*p + 499 = -4*c, 2*c - 317 = -3*p. Calculate the remainder when p is divided by l.
12
Suppose a - 83 = 65. Suppose 2*v - a = -4*y + 40, 4*y - 164 = 4*v. Calculate the remainder when y is divided by 24.
21
Let i = -34 + 61. Suppose 2*r = l - i, -2*l - l + 59 = 5*r. Suppose -67 = -x - 0*x + 5*m, -3*x + m + 201 = 0. What is the remainder when x is divided by l?
21
Let q = -470 - -631. Calculate the remainder when q is divided by 58.
45
Suppose 2*r + 5*k = 11, 6 = 4*k + 2. Suppose 0 = g + r*g + 32. Let l(s) = 2*s + 22. Calculate the remainder when 15 is divided by l(g).
3
Suppose -5*c + 686 = 3*x - 6*c, 3*x = 5*c + 706. Calculate the remainder when x is divided by 39.
32
Suppose 5*x - 62 + 45 = m, -4*x = 5*m - 31. Suppose 0 = -n + 2*n - 3. Calculate the remainder when m is divided by n.
0
Let h(w) = -w**2 + w - 1. Let z(d) = -5*d**2 + 8*d - 9. Let x(g) = -14*h(g) + 2*z(g). Calculate the remainder when 28 is divided by x(2).
12
Let w = -41 + 118. Suppose -6*l = -8*l + 20. What is the remainder when w is divided by l?
7
Let c(p) be the first derivative of p**3 + p**2/2 + p - 2. Let n be c(-1). Calculate the remainder when 22 is divided by n/(-2)*32/(-6).
6
Suppose 5*d + 267 = 327. What is the remainder when 57 is divided by d?
9
Let b(v) = 60*v**2 - 10*v - 8. What is the remainder when b(-1) is divided by 11?
7
Suppose -25*u + 18 + 757 = 0. Calculate the remainder when 58 - (0 + -2)/2 is divided by u.
28
Let n be (-1 - -2)/(3*2/(-60)). Let c(d) = -d**3 - 12*d**2 - 22*d - 9. Calculate the remainder when 164 is divided by c(n).
10
Let u = 536 - 364. Calculate the remainder when u is divided by 35.
32
Suppose 52 = 4*j + 5*i, -7*j = -2*j - 2*i - 98. What is the remainder when 88 is divided by j?
16
Let g(r) = -r**2 + 12*r + 5. Let z be g(13). Calculate the remainder when ((-6)/z)/((-14)/(-392)) is divided by 5.
1
Let l(u) = -3*u**3 - 6*u**3 - 6*u**2 + u**3 + 7*u - 19 + 7*u**3. Calculate the remainder when l(-8) is divided by 14.
11
Calculate the remainder when 144 is divided by 6/(-14) + 2079/49 + 7.
46
Let u(z) = -1. Let f(b) = b**2 - 2*b - 2. Let x(c) = f(c) + 2*u(c). Calculate the remainder when 41 - (3/3 - 2) is divided by x(-3).
9
Let i = -11 + 20. Suppose 57*w - 58*w + i = 0. What is the remainder when w is divided by 4?
1
Let t = 195 - 184. Suppose 3*m = m + 30. Calculate the remainder when m is divided by t.
4
What is the remainder when 35 is divided by (-11)/132*-8*57/2?
16
Let o be -16*(1 - -2 - 4). Suppose o*k - 65 = 11*k. What is the remainder when -1 + -1*3*-17 is divided by k?
11
Suppose 37 - 27 = -2*z. Let m = z + 47. Calculate the remainder when m is divided by 11.
9
Suppose 0 = 4*j + 199 - 875. Let o = -14 - -48. Calculate the remainder when j is divided by o.
33
Suppose -3*w - 233 = -5*i, 0 = -5*i + 5*w - 81 + 306. Calculate the remainder when 391 is divided by i.
48
Suppose 204 = -405*k + 409*k. What is the remainder when 101 is divided by k?
50
Let l = 1 + 13. Suppose -11*n = -7*n + 548. Let o = n - -164. What is the remainder when o is divided by l?
13
Suppose -6 = -2*f - 0. Suppose z + q - 61 = 0, -2*q - f*q = -5. Calculate the remainder when z is divided by 16.
12
Let f = -76 - -97. Suppose -f = -2*t - 3*y - 1, 0 = 5*t - 2*y - 12. Calculate the remainder when t is divided by 2.
0
Let m = 150 + -107. Suppose v = j - m, 0*j + 3*v = -j + 47. Calculate the remainder when j is divided by 13.
5
Suppose -3*t - 21 = -30. Suppose 4*h - 3*m = 543, 0 = t*h - 3*m - 386 - 19. Calculate the remainder when h is divided by 47.
44
Suppose -l + 5*l = 24. Let x be 4/8*2 + 15. Suppose 2*y + 13 = r, -4*r + y - x = -82. Calculate the remainder when r is divided by l.
5
Suppose -2*j = 2*j - y + 19, -2*y + 6 = 0. Let z(g) = -3*g + 7. What is the remainder when 75 is divided by z(j)?
18
Let b(n) = n - 6. Let h be -2 - (-4 - (-4 + 2)). Let i be b(h). What is the remainder when 30 is divided by -3*22/i*1?
8
Suppose 4*r - 59 = 3*r. Let k = 5195 - 5173. What is the remainder when r is divided by k?
15
Let d(g) = 1 - 6 + 2*g + 5. Let n be d(10). Let h = 1 + n. Calculate the remainder when h is divided by 4.
1
Let i = -53 - -89. Calculate the remainder when i is divided by ((-20)/(-3))/((-8)/(-24)).
16
Let z = 149 - 122. What is the remainder when 101 is divided by z?
20
Let x = -11 - -27. Suppose 2*q + 0*q = x. Let k = 1 + q. Calculate the remainder when 44 is divided by k.
8
Let l(z) = -z**3 - 13*z**2 - 13*z + 1. Let u be l(-12). Let m = u - -213. Suppose 4*d + r - m = -r, d = -r + 54. What is the remainder when d is divided by 15?
14
Let k(w) = -w**2 - 32*w - 9. What is the remainder when k(-31) is divided by (-4)/(4/9)*-1?
4
Suppose 2*g + 1 = 7. What is the remainder when (-177)/(-472) - (-106)/16 is divided by g?
1
Let m = 15 + -11. Suppose -2*a + 0*a + m = 0. What is the remainder when a is divided by 2/(-4) - 33/(-22)?
0
Let s(k) = 2*k**3 + 5*k**2 - k - 2. Let v be s(-4). Let l = 86 + v. What is the remainder when l is divided by 7?
5
Let t(i) = 2*i + 228. What is the remainder when t(-23) is divided by 38?
30
Let l(h) = -7*h**3 - h**2 - 7*h - 3. What is the remainder when l(-2) is divided by 34?
29
Suppose -2*n = 5*c - 3, -n + c + 3*c = 5. Let a be n/(-5)*5 + -2. What is the remainder when 75 is divided by (3 - a) + 28/4?
9
Let v(m) = m + 19. What is the remainder when (102/18)/((-2)/(-6)) is divided by v(-16)?
2
Let p = -55 - -85. Suppose 0 = 5*h - 245 - 195. Suppose h = 10*b + 8. Calculate the remainder when p is divided by b.
6
Let a = 1663 - 1623. What is the remainder when 278 is divided by a?
38
Let k(w) = 27*w**2 + 3*w + 3. Suppose -i + 15 + 9 = 2*v, -5*v + 74 = -i. What is the remainder when k(-1) is divided by v?
13
Suppose 22*q - 161 = -77 + 224. Let y = 6 + -4. Let f(i) = 4*i**3 - 2*i**2 + i - 1. Calculate the remainder when f(y) is div